y). Give g(6).
6
Let m = -5 + 6. Let s(h) be the third derivative of 0*h**5 + 20*h**2 - 3 + 0*h + 1/24*h**4 + 0*h**3 - 1/10*h**6. What is s(m)?
-11
Let t be 6 - (-248)/40*-5. Let q(m) = -m**3 - 24*m**2 + 26*m + 27. Determine q(t).
2
Let y(d) = d**2 + 38*d + 10. Let z(g) = -4*g - 8. Let j(n) = -y(n) - 5*z(n). What is j(-17)?
47
Suppose -36 = 2*j + 11*x, -j - 5 = -2*x - 2. Let f(i) = i**3 + 8*i**2 + 7*i - 5. Calculate f(j).
-5
Let b = -1548 - -1539. Let l be (-36)/(-16) + 2/(-8). Let h(c) = -6 - c**2 + 2*c + 2*c**l - 4 + 7*c. Determine h(b).
-10
Suppose 102*r = 106*r + 16. Let k(d) = 1 + 0*d - 1 - d - 5. What is k(r)?
-1
Let c(f) be the second derivative of -f**4/24 - f**3/3 - 30*f**2 - 11*f - 2. Let d(l) be the first derivative of c(l). Calculate d(6).
-8
Let y(l) be the second derivative of -l**4/12 - 5*l**3/6 + 7*l**2/2 - 4*l + 789. Calculate y(-8).
-17
Let v(a) = -a**3 + 5*a**2 - 5*a - 2. Let s = 15402 + -15397. Give v(s).
-27
Suppose -10*o + 12*o - 3*y + 8 = 0, -4 = o + 4*y. Let t be ((-6)/o)/(24/8)*6. Let b(l) = -l**3 + 4*l**2 - 4*l + 4. Calculate b(t).
1
Let h be (4/(-7))/(2/35). Let i(t) = -3*t**2 - 28*t + 10. What is i(h)?
-10
Let q be (-7396)/(-16) + 15/20. Let k = -463 + q. Let m(c) = c**2 + c + 37. Give m(k).
37
Suppose -8 = -18*h + 28. Let j(u) = 4 + h + u - 3*u + 5*u - 3. Determine j(2).
9
Let c(x) = -x**2 - 2*x + 3. Let p(u) = -7*u**2 + 10*u + 60. Let z(y) = 6*c(y) - p(y). Calculate z(24).
6
Let s(r) = 2 - 835*r**3 + 8*r + 836*r**3 - 14*r**2 - 1 - 24*r. What is s(15)?
-14
Let j(p) = -1. Let l(v) = -v - 18. Suppose 23 - 24 = -s. Let f(k) = s*l(k) - 3*j(k). Calculate f(-17).
2
Let y(g) = -g**2 + 5*g - 5. Let o be y(4). Let n(c) be the second derivative of 29*c**5/20 - c**3/6 - c**2/2 + 84569*c. Calculate n(o).
-29
Let r(z) be the second derivative of -z**4/12 - 7*z**3/6 - 3*z**2/2 + 17*z. Suppose 0 = -0*a + 2*a - 2*d - 54, -3*a = -2*d - 79. Let s = 21 - a. Calculate r(s).
9
Let k(u) = -u**2 + 15*u + 18. Let n(l) = -l**3 - 134*l**2 - 137*l - 517. Let f be n(-133). Calculate k(f).
18
Let d(f) = 0*f + 0*f + 37*f + 48*f + 7 + 12*f**2 - f**3. What is d(17)?
7
Let o(w) = 0*w**2 + w**2 + 0*w**2 + w - 2 - 2. Suppose -5*k + 4*r - 1 = 0, -4*r - r = -20. Suppose 0 = -2*s + k*z + 3, -5*s + 5*z = 8*z + 3. Calculate o(s).
-4
Let y(w) be the first derivative of -2*w**2 + 71 + 4/3*w**3 + 3*w. Determine y(3).
27
Let m(b) = -b**3 - 5*b**2 + 9*b + 7. Suppose 11*d - 4 = 10*d. Suppose 2*n + d*a - 40 = 6*n, -3*a = -15. Let k be -5 - (0 - (4 + n)). What is m(k)?
-11
Let o(f) = -3*f - 31. Let m(a) = -a**2 - 87*a + 72. Let b be m(-88). What is o(b)?
17
Let z(y) = -107*y - 1716. Let x be z(-16). Let b = 16 - 11. Let j(c) = -18*c - b*c**2 + 1 + 15*c + c**3 - 2*c**3. Calculate j(x).
-3
Suppose 4 = 5*f + 2*q - 10, 3*q + 1 = -2*f. Suppose f*p = 6*p. Suppose -7*k - 88 + 4 = p. Let v(g) = g**2 + 12*g - 4. Determine v(k).
-4
Suppose -5*o + 10 = 5*c, c - 11 = -19*o + 15*o. Let h(d) = 83*d - 172*d + 83*d + 5*d**2 + d**o - 6. Determine h(-6).
-6
Let b = 191 + -272. Let u = 79 + b. Let i(q) = q**3 + q + 2. Give i(u).
-8
Let n(l) = -2*l**2 + 21*l + 9. Let h(d) = d**2 - 10*d - 5. Let a(i) = 5*h(i) + 3*n(i). Let s = 4253 + -4244. Calculate a(s).
38
Let i(t) = -t**3 + 2*t**2 - 1. Let l be 6*(-3 + 20/8). Let n be (l + 0 + 2)/1. Let v be i(n). Let b(h) = -h**3 + 3*h**2 + h - 2. Give b(v).
4
Let x(m) = -m**3 + 2*m**2 + 14*m - 12. Let t be x(6). Let d be t/(-54)*(-30)/(-8). Let i(u) = -10*u**2 + 4*u**2 - 5 + d*u**2 - 3*u + 8. Calculate i(-3).
3
Suppose 67*u - 22*u = -99*u - 720. Let k(i) = -5*i**2 - 19*i + 13. Determine k(u).
-17
Let n(g) be the second derivative of -g**4/12 + 13*g**3/6 - 6*g**2 - 253*g. Determine n(12).
0
Suppose 30 = 3*i + 4*r, 4*i - 3*r = -r + 62. Let g = 9 - i. Let w(y) = -y**2 - 2*y + 1. Calculate w(g).
-14
Let i(w) = -w + 6. Suppose 4*f - 21 = z, -21*z + 17*z = f - 1. Calculate i(f).
1
Let q(h) be the second derivative of h**5/5 + h**4/4 - h**2/2 + 34*h. Let j(n) = 3*n**3 + 2*n**2 - n - 1. Let g(k) = 3*j(k) - 2*q(k). Give g(-3).
-19
Let y(c) = 7*c + 115 - 182 + 7*c**2 + 70 - 34*c**3 + 35*c**3. Determine y(-4).
23
Let a(p) = 2*p**3 + 17 + 821 + 2*p**2 - 838. Let q(j) = -j**2 + 8*j - 9. Let w be q(7). Determine a(w).
-8
Suppose 5*q - 38 = -3*y, -152*y - 10 = -157*y + 5*q. Let v(x) = -x**2 + 6*x - 8. Calculate v(y).
-8
Suppose 3989*k = 3975*k + 238. Let g(s) = -3*s + 37. Give g(k).
-14
Suppose g + 0*g - 1 = 0. Let y be 12/(-4) + 30/5. Let c(h) = -272 - 3*h**3 + 271 + 21*h**y. Calculate c(g).
17
Let l(u) = -u**3 - 14*u**2 + 16*u + 11. Let c be l(-15). Let a be c + -4 + (-2 - -11). Let q(b) be the first derivative of b**2 + b + 1072. Determine q(a).
3
Let p(j) = 4*j**3 - 11*j**2 + 43*j + 1. Let y(c) = 5*c**3 - 12*c**2 + 55*c + 2. Let i(d) = 4*p(d) - 3*y(d). Determine i(7).
-2
Let x = -12464 + 12470. Let b(s) = 2*s**2 - 12*s + 27. What is b(x)?
27
Suppose -5*l + 53 = -2*y, 8*l - y + 5 = 9*l. Let z(a) = -21*a**2 + 4*a + 13*a**2 - 3 + l*a**2. Determine z(-4).
-3
Let d(p) be the second derivative of -p**5/5 - p**4/6 + 2*p**3/3 + p**2 - 101*p. Calculate d(-3).
80
Let j(w) = 40 - w + 49 - 91. Let h(x) = x**3 - 17*x**2 + 17*x - 22. Let n be h(16). Let z be 10/n*(6 + -3). What is j(z)?
3
Let l(k) = -k + 3. Suppose 2*y + 10 = 3*y. Suppose 7*p - y = 53. Suppose 6*r = -3*b + p*r + 24, -4*b + 32 = -2*r. Calculate l(b).
-5
Let q(h) = -h + 8. Let a be ((16/36)/((-8)/132))/((-1)/(-3)). Determine q(a).
30
Let t(f) = -2*f**3 + 2*f**2 + 2*f. Let h = 52 + -96. Let o = 107 + h. Let z = -65 + o. Determine t(z).
20
Let h = -411 + 415. Suppose -5*i = -3*r + 5, r = -2*i + i - 1. Let w(x) = r + x - 2*x - 1 + 0. Determine w(h).
-5
Let y(u) = 5*u**2 + 8*u - 6. Let q(g) = -4*g**2 - 7*g + 5. Let v(f) = -7*q(f) - 6*y(f). Let h(i) = -4*i**2 - 4*i + 7. Let x(t) = -h(t) + 3*v(t). What is x(5)?
-19
Let q(v) be the first derivative of -v**4 - 2*v**3 + 3*v**2 + 4*v + 9404. What is q(2)?
-40
Let l(i) = 28702*i - 28698*i - 72 - 7. Give l(16).
-15
Let k(q) = q - 25*q + 2*q - q**2 + 13*q + 64. Determine k(-12).
28
Let m(z) be the third derivative of z**5/60 + 658*z**2. Give m(-1).
1
Let t(b) = -b**2 - 2*b - 4. Let f be 3016/(-14) + 8/(-224)*-12. Let k = f + 219. What is t(k)?
-28
Let w = 27 + -30. Suppose -4 + 7 = t. Let j(m) = -t*m - m - m - 4 + 6*m. Give j(w).
-7
Let j(w) = -w**2 + 2*w + 2. Suppose -7*o - 152 = -180. Let h be 11 + -17 + (6 - o). What is j(h)?
-22
Let g(r) = -7*r**3 + 12*r**2 - 130*r + 9. Let t(b) = -b**3 + 2*b**2 - 30*b + 1. Let v(m) = g(m) - 6*t(m). What is v(-7)?
-4
Let u be 5 + 0 + -3 + -17. Suppose 4*d - 47 = 33. Let k = u + d. Let c(z) = -z**3 + 4*z**2 + 4*z - 3. Determine c(k).
-8
Let n be (3/(-12)*0)/(-4). Suppose n = 3*q + 2*q - 5. Let o(g) = 6*g**3 - 2*g**2 + g. Determine o(q).
5
Suppose 5*a + 28 = 2*r + a, -4*a = 4*r - 44. Let k = r - 11. Let g(h) = 18*h + 12. Let o(c) = -54*c - 32. Let l(t) = -8*g(t) - 3*o(t). Determine l(k).
18
Suppose 8*v + 84 - 12 = 0. Let o be 6/v + (-4)/((-24)/(-74)). Let b = -8 - o. Let c(q) = 2*q - 6. Give c(b).
4
Let a = -1212 + 1219. Let b = 3 - 1. Let n(u) = -b*u**2 - 2*u**2 + 0*u**3 - 6*u + a - u + u**3. Calculate n(5).
-3
Let b(k) = -10*k - 261. Let z(q) = 27*q + 785. Let p(t) = 19*b(t) + 6*z(t). Calculate p(-9).
3
Let q(v) be the first derivative of v**4/24 - v**3/3 - v**2 - 3*v + 82. Let j(t) be the second derivative of q(t). Determine j(-4).
-6
Let d be ((-1)/3)/((-17)/(-2805)*55). Let c(t) = -360*t**3 + 55*t. Let f(z) = -20*z**3 + 3*z. Let g(w) = 6*c(w) - 110*f(w). Calculate g(d).
-40
Suppose 0 = -2*z - 23 + 19. Let t(p) = -11*p**3 + 11*p**2 + 5*p - 32. Let a(v) = -5*v**3 + 5*v**2 + 2*v - 15. Let c(r) = -13*a(r) + 6*t(r). Calculate c(z).
7
Let s(z) = 4*z - 43. Let v be s(13). Let x(h) = h**3 - 8*h**2 - 5*h - 18. Let t be x(v). Suppose t = 5*u - 2. Let m(b) = 3*b + 3. Determine m(u).
15
Let f be -17 - 0/((2 + 16)/6). Let k(h) = -h - 36. Calculate k(f).
-19
Let m(q) = -q**3 + q**2 + 11*q + 7. Let c = 2857 + -2860. Calculate m(c).
10
Let b(f) be the third derivative of -f**6/120 + f**5/10 - f**4/24 + 2*f**3/3 - 48*f**2 + 3*f + 17. Let k = -5 + 1. Let h be k/12 + (-38)/(-6). Determine b(h).
-2
Let h(g) be the third derivative of -3*g**4/4 + 13*g**3/6 + g**2 - 2*g - 598. Calculate h(4).
-59
Let m(i) = -2*i**3 + 19*i**2 + 3*i - 4. Let z(